{"id":548,"date":"2023-08-09T10:41:12","date_gmt":"2023-08-09T13:41:12","guid":{"rendered":"https:\/\/sbop.com.br\/paciente\/?page_id=548"},"modified":"2023-08-15T17:19:13","modified_gmt":"2023-08-15T20:19:13","slug":"qual-a-recomendacao-da-sbop","status":"publish","type":"page","link":"https:\/\/sbop.com.br\/paciente\/qual-a-recomendacao-da-sbop\/","title":{"rendered":"Qual a recomenda\u00e7\u00e3o da SBOP ?"},"content":{"rendered":"\n<h2 class=\"wp-block-heading h5\">Aten\u00e7\u00e3o: <\/h2>\n\n\n\n<p>Devem ser encaminhados para exame oftalmol\u00f3gico completo, os beb\u00eas que n\u00e3o fazem contato visual nos primeiros dois meses de vida ou n\u00e3o apresentam sorriso social ou percep\u00e7\u00e3o das pr\u00f3prias m\u00e3os aos 3 meses, ou que n\u00e3o pegam brinquedos aos 6 meses, ou n\u00e3o reconhecem rostos e express\u00f5es aos 11 meses.<\/p>\n\n\n\n<div class=\"wp-block-columns d-flex align-items-center flex-column flex-md-row is-layout-flex wp-container-core-columns-is-layout-9d6595d7 wp-block-columns-is-layout-flex\">\n<div class=\"wp-block-column is-layout-flow wp-block-column-is-layout-flow\">\n<figure class=\"wp-block-image size-full is-resized\"><img loading=\"lazy\" decoding=\"async\" src=\"https:\/\/sbop.com.br\/paciente\/wp-content\/uploads\/sites\/3\/2023\/08\/12-a-36-meses.png\" alt=\"\" class=\"wp-image-647\" width=\"401\" height=\"312\" srcset=\"https:\/\/sbop.com.br\/paciente\/wp-content\/uploads\/sites\/3\/2023\/08\/12-a-36-meses.png 474w, https:\/\/sbop.com.br\/paciente\/wp-content\/uploads\/sites\/3\/2023\/08\/12-a-36-meses-300x234.png 300w\" sizes=\"auto, (max-width: 401px) 100vw, 401px\" \/><\/figure>\n<\/div>\n\n\n\n<div class=\"wp-block-column is-layout-flow wp-block-column-is-layout-flow\">\n<h2 class=\"wp-block-heading h4 mb-4\">Deve ser avaliada, em cada olho separadamente a:  <\/h2>\n\n\n\n<p>Fixa\u00e7\u00e3o, se central, est\u00e1vel e mantida; <br>Capacidade de seguir luz e objetos; <br>Rea\u00e7\u00e3o \u00e0 oclus\u00e3o de cada olho.<\/p>\n<\/div>\n<\/div>\n\n\n\n<h2 class=\"wp-block-heading has-text-align-center h3\">Avalia\u00e7\u00f5es a serem realizadas pelo oftalmologista:<\/h2>\n\n\n\n<div class=\"wp-block-columns d-flex align-items-center flex-column-reverse flex-md-row is-layout-flex wp-container-core-columns-is-layout-9d6595d7 wp-block-columns-is-layout-flex\">\n<div class=\"wp-block-column is-layout-flow wp-block-column-is-layout-flow\">\n<p>Pode ser realizado exame oftalmol\u00f3gico completo por um oftalmologista \u2013 inspe\u00e7\u00e3o dos olhos e anexos, avalia\u00e7\u00e3o da fun\u00e7\u00e3o visual (exame de fixa\u00e7\u00e3o e seguimento monocular), avalia\u00e7\u00e3o da motilidade e alinhamento ocular (testes de cobertura simples e alternada), refra\u00e7\u00e3o cicloplegiada e avalia\u00e7\u00e3o do fundo de olho dilatado (Recomenda\u00e7\u00e3o 2C).4,5<\/p>\n<\/div>\n\n\n\n<div class=\"wp-block-column is-layout-flow wp-block-column-is-layout-flow\"><div class=\"wp-block-image\">\n<figure class=\"alignright size-full is-resized\"><img loading=\"lazy\" decoding=\"async\" src=\"https:\/\/sbop.com.br\/paciente\/wp-content\/uploads\/sites\/3\/2023\/08\/6-a-12-meses.png\" alt=\"\" class=\"wp-image-656\" width=\"401\" height=\"312\" srcset=\"https:\/\/sbop.com.br\/paciente\/wp-content\/uploads\/sites\/3\/2023\/08\/6-a-12-meses.png 475w, https:\/\/sbop.com.br\/paciente\/wp-content\/uploads\/sites\/3\/2023\/08\/6-a-12-meses-300x234.png 300w\" sizes=\"auto, (max-width: 401px) 100vw, 401px\" \/><\/figure>\n<\/div><\/div>\n<\/div>\n\n\n\n<div class=\"wp-block-columns d-flex align-items-center flex-column flex-md-row is-layout-flex wp-container-core-columns-is-layout-9d6595d7 wp-block-columns-is-layout-flex\">\n<div class=\"wp-block-column is-layout-flow wp-block-column-is-layout-flow\">\n<figure class=\"wp-block-image size-full is-resized\"><img loading=\"lazy\" decoding=\"async\" src=\"https:\/\/sbop.com.br\/paciente\/wp-content\/uploads\/sites\/3\/2023\/08\/3-a-5-anos.png\" alt=\"\" class=\"wp-image-658\" width=\"401\" height=\"312\" srcset=\"https:\/\/sbop.com.br\/paciente\/wp-content\/uploads\/sites\/3\/2023\/08\/3-a-5-anos.png 475w, https:\/\/sbop.com.br\/paciente\/wp-content\/uploads\/sites\/3\/2023\/08\/3-a-5-anos-300x234.png 300w\" sizes=\"auto, (max-width: 401px) 100vw, 401px\" \/><\/figure>\n<\/div>\n\n\n\n<div class=\"wp-block-column is-layout-flow wp-block-column-is-layout-flow\">\n<h2 class=\"wp-block-heading h4\">(idealmente aos 3 anos):<\/h2>\n\n\n\n<p>6-9 Deve ser realizado exame oftalmol\u00f3gico completo por um oftalmologista \u2013 inspe\u00e7\u00e3o dos olhos e anexos, avalia\u00e7\u00e3o da acuidade visual (com opt\u00f3tipos adequados \u00e0 idade), avalia\u00e7\u00e3o da motilidade e alinhamento ocular (testes de cobertura simples e alternada), refra\u00e7\u00e3o cicloplegiada e avalia\u00e7\u00e3o do fundo de olho dilatado (Recomenda\u00e7\u00e3o 1B).4,10<\/p>\n<\/div>\n<\/div>\n","protected":false},"excerpt":{"rendered":"<p>Aten\u00e7\u00e3o: Devem ser encaminhados para exame oftalmol\u00f3gico completo, os beb\u00eas que n\u00e3o fazem contato visual nos primeiros dois meses de vida ou n\u00e3o apresentam sorriso social ou percep\u00e7\u00e3o das pr\u00f3prias m\u00e3os aos 3 meses, ou que n\u00e3o pegam brinquedos aos 6 meses, ou n\u00e3o reconhecem rostos e express\u00f5es aos 11 meses. Deve ser avaliada, em [&hellip;]<\/p>\n","protected":false},"author":1,"featured_media":0,"parent":0,"menu_order":0,"comment_status":"closed","ping_status":"closed","template":"template\/template-recomendacao.php","meta":{"_acf_changed":false,"footnotes":""},"class_list":["post-548","page","type-page","status-publish","hentry"],"acf":[],"_links":{"self":[{"href":"https:\/\/sbop.com.br\/paciente\/wp-json\/wp\/v2\/pages\/548","targetHints":{"allow":["GET"]}}],"collection":[{"href":"https:\/\/sbop.com.br\/paciente\/wp-json\/wp\/v2\/pages"}],"about":[{"href":"https:\/\/sbop.com.br\/paciente\/wp-json\/wp\/v2\/types\/page"}],"author":[{"embeddable":true,"href":"https:\/\/sbop.com.br\/paciente\/wp-json\/wp\/v2\/users\/1"}],"replies":[{"embeddable":true,"href":"https:\/\/sbop.com.br\/paciente\/wp-json\/wp\/v2\/comments?post=548"}],"version-history":[{"count":26,"href":"https:\/\/sbop.com.br\/paciente\/wp-json\/wp\/v2\/pages\/548\/revisions"}],"predecessor-version":[{"id":669,"href":"https:\/\/sbop.com.br\/paciente\/wp-json\/wp\/v2\/pages\/548\/revisions\/669"}],"wp:attachment":[{"href":"https:\/\/sbop.com.br\/paciente\/wp-json\/wp\/v2\/media?parent=548"}],"curies":[{"name":"wp","href":"https:\/\/api.w.org\/{rel}","templated":true}]}}

Qual a recomendação da SBOP ?

<h2 class="wp-block-heading h5">Atenção: </h2>



<p>Devem ser encaminhados para exame oftalmológico completo, os bebês que não fazem contato visual nos primeiros dois meses de vida ou não apresentam sorriso social ou percepção das próprias mãos aos 3 meses, ou que não pegam brinquedos aos 6 meses, ou não reconhecem rostos e expressões aos 11 meses.</p>



<div class="wp-block-columns d-flex align-items-center flex-column flex-md-row is-layout-flex wp-container-core-columns-is-layout-9d6595d7 wp-block-columns-is-layout-flex">
<div class="wp-block-column is-layout-flow wp-block-column-is-layout-flow">
<figure class="wp-block-image size-full is-resized"><img loading="lazy" decoding="async" src="https://sbop.com.br/paciente/wp-content/uploads/sites/3/2023/08/12-a-36-meses.png" alt="" class="wp-image-647" width="401" height="312" srcset="https://sbop.com.br/paciente/wp-content/uploads/sites/3/2023/08/12-a-36-meses.png 474w, https://sbop.com.br/paciente/wp-content/uploads/sites/3/2023/08/12-a-36-meses-300x234.png 300w" sizes="auto, (max-width: 401px) 100vw, 401px" /></figure>
</div>



<div class="wp-block-column is-layout-flow wp-block-column-is-layout-flow">
<h2 class="wp-block-heading h4 mb-4">Deve ser avaliada, em cada olho separadamente a:  </h2>



<p>Fixação, se central, estável e mantida; <br>Capacidade de seguir luz e objetos; <br>Reação à oclusão de cada olho.</p>
</div>
</div>



<h2 class="wp-block-heading has-text-align-center h3">Avaliações a serem realizadas pelo oftalmologista:</h2>



<div class="wp-block-columns d-flex align-items-center flex-column-reverse flex-md-row is-layout-flex wp-container-core-columns-is-layout-9d6595d7 wp-block-columns-is-layout-flex">
<div class="wp-block-column is-layout-flow wp-block-column-is-layout-flow">
<p>Pode ser realizado exame oftalmológico completo por um oftalmologista – inspeção dos olhos e anexos, avaliação da função visual (exame de fixação e seguimento monocular), avaliação da motilidade e alinhamento ocular (testes de cobertura simples e alternada), refração cicloplegiada e avaliação do fundo de olho dilatado (Recomendação 2C).4,5</p>
</div>



<div class="wp-block-column is-layout-flow wp-block-column-is-layout-flow"><div class="wp-block-image">
<figure class="alignright size-full is-resized"><img loading="lazy" decoding="async" src="https://sbop.com.br/paciente/wp-content/uploads/sites/3/2023/08/6-a-12-meses.png" alt="" class="wp-image-656" width="401" height="312" srcset="https://sbop.com.br/paciente/wp-content/uploads/sites/3/2023/08/6-a-12-meses.png 475w, https://sbop.com.br/paciente/wp-content/uploads/sites/3/2023/08/6-a-12-meses-300x234.png 300w" sizes="auto, (max-width: 401px) 100vw, 401px" /></figure>
</div></div>
</div>



<div class="wp-block-columns d-flex align-items-center flex-column flex-md-row is-layout-flex wp-container-core-columns-is-layout-9d6595d7 wp-block-columns-is-layout-flex">
<div class="wp-block-column is-layout-flow wp-block-column-is-layout-flow">
<figure class="wp-block-image size-full is-resized"><img loading="lazy" decoding="async" src="https://sbop.com.br/paciente/wp-content/uploads/sites/3/2023/08/3-a-5-anos.png" alt="" class="wp-image-658" width="401" height="312" srcset="https://sbop.com.br/paciente/wp-content/uploads/sites/3/2023/08/3-a-5-anos.png 475w, https://sbop.com.br/paciente/wp-content/uploads/sites/3/2023/08/3-a-5-anos-300x234.png 300w" sizes="auto, (max-width: 401px) 100vw, 401px" /></figure>
</div>



<div class="wp-block-column is-layout-flow wp-block-column-is-layout-flow">
<h2 class="wp-block-heading h4">(idealmente aos 3 anos):</h2>



<p>6-9 Deve ser realizado exame oftalmológico completo por um oftalmologista – inspeção dos olhos e anexos, avaliação da acuidade visual (com optótipos adequados à idade), avaliação da motilidade e alinhamento ocular (testes de cobertura simples e alternada), refração cicloplegiada e avaliação do fundo de olho dilatado (Recomendação 1B).4,10</p>
</div>
</div>

<p>Atenção: Devem ser encaminhados para exame oftalmológico completo, os bebês que não fazem contato visual nos primeiros dois meses de vida ou não apresentam sorriso social ou percepção das próprias mãos aos 3 meses, ou que não pegam brinquedos aos 6 meses, ou não reconhecem rostos e expressões aos 11 meses. Deve ser avaliada, em [&hellip;]</p>
